0 = -3*m + 31588 + 20251 - 9479. What is the thousands digit of m?
4
Suppose -4*j + 24560 = 3*k, -3*k - 116*j = -117*j - 24535. What is the tens digit of k?
8
Let i(z) = 5630*z**3 - 2*z**2 + 2*z - 1. What is the units digit of i(1)?
9
Suppose -520 = 15*n + 37*n. What is the hundreds digit of n - (-5 - 0) - -311?
3
Suppose -2*p - 48568 = -2*g, p = 7*g - 8*g + 24278. What is the tens digit of g?
8
Let p(o) = -404*o - 126. What is the hundreds digit of p(-6)?
2
What is the ten thousands digit of (-6120000)/(-238) + -29 - 2/7?
2
Suppose -5*o = 2*s - 76663, -76642 = -20*s + 18*s + 2*o. What is the units digit of s?
4
Let f(x) = 2*x**3 - x**2 + 19*x - 7. Let h(s) = -2*s**3 + s**2 - 17*s + 6. Let i(w) = -5*f(w) - 6*h(w). What is the hundreds digit of i(6)?
4
Let a = 9 + 4. Suppose -2*l + 76 = -16. Let m = a + l. What is the tens digit of m?
5
Let k be ((-58)/(-8) + -2)*(-108)/(-81). Let y(s) = 2*s**3 - 6*s**2 - 5*s + 3. What is the hundreds digit of y(k)?
3
Let p(m) = -23*m + 26*m + 111 - 76*m. What is the tens digit of p(-7)?
2
Let g be (0/(-5))/(2 + -4). Let l be (-12)/36*(g + 75). What is the tens digit of (-13)/(0 + 5/l)?
6
Suppose 14*l = 10*l + 20. Suppose 0 = c - l*c + 1084. What is the hundreds digit of c?
2
What is the hundreds digit of (-33 - -28)*1*-1635?
1
Suppose 4*p - p - f = 10, -f = 2*p. Suppose -5*v + 518 = p*n, 3*n - 1266 + 468 = 3*v. What is the hundreds digit of n?
2
Let u be (-3)/12 + 2280/(-96). What is the tens digit of 3*2/u + 1869/4?
6
Suppose -342*b + 343*b - 7737 = -n, 5*b = -n + 38661. What is the thousands digit of b?
7
Suppose 5*v - 12037 = -4*p, 0 = 2*v - 3*v - 5*p + 2420. What is the units digit of v?
5
Suppose 0 = 3*b + m - 17, b - 30 = -3*b - 5*m. Let v(o) = o**2 - 9*o + 24. Let h be v(b). What is the tens digit of 1 - ((-18)/h + 4)*178?
9
Let x = -13775 - -19867. What is the tens digit of x?
9
Let k = 2363 - 998. Suppose 13*m + 117 = k. Let g = -72 + m. What is the tens digit of g?
2
Suppose 0 = 5*w + 15, 7*w + 3382 = 5*r + 3*w. Suppose -5*p = -3*k + r, 4*k - 2*p - 3*p - 892 = 0. What is the hundreds digit of k?
2
Let s = 39999 - -2064. What is the hundreds digit of s?
0
Let k = -22438 + 53017. What is the units digit of k?
9
Let a = 8049 + -3624. What is the units digit of a?
5
Suppose 13433 = 8*m + 721. Suppose 0*k = c - 2*k - m, -5*c = -4*k - 7975. What is the units digit of c?
9
Let q be 14 + 5*(36/(-20) + 1). Suppose -5*k - 9*h + 8*h = -8410, q = -2*h. What is the thousands digit of k?
1
Let n = -11239 - -35814. What is the units digit of n?
5
Suppose -40*g = -44*g - 8. What is the tens digit of (-2306)/g + -9 + 12?
5
Suppose 70 = -h - 4*h. Let i be (-35)/h - (-2)/(-4). Let y(u) = 42*u + 14. What is the tens digit of y(i)?
9
What is the units digit of ((-168)/30)/(-7)*(-1)/((-8)/677060)?
6
Suppose 218*c + 127665 - 1984750 - 855271 = 0. What is the ten thousands digit of c?
1
What is the thousands digit of 106/159*(-80127)/(-6)?
8
What is the hundreds digit of (-6 + 38/3)*(-4 - (6 - 2128))?
1
Suppose 4*o - 107 = -4*a + 85, 2*a - 4*o - 96 = 0. Let d(h) = h**2 - 25*h - 49. Let b be d(27). What is the units digit of -2 + a/10 - (-1)/b?
3
Suppose -13588 + 379213 = 25*z. What is the hundreds digit of z?
6
Let i(c) = 1892*c - 2063. What is the units digit of i(16)?
9
Let n = 59017 + -30185. What is the hundreds digit of n?
8
Let x = -33872 + 50683. What is the thousands digit of x?
6
Let l(n) = 81*n + 1. Let x be (-3)/4 + (-30)/24 + 2. Let o = 2 + x. What is the tens digit of l(o)?
6
Let q(d) = 952*d**2 - 30*d. Let f be q(-2). Let y = 5460 - f. What is the hundreds digit of y?
5
Let l = -8779 - -17908. What is the hundreds digit of l?
1
Let v(i) be the first derivative of i**4/4 - 4*i**3 + 15*i**2/2 - 27*i - 69. What is the units digit of v(12)?
3
Let g(l) = -l**3 + 5*l**2 - 4*l - 2. Let b be g(3). Suppose 0 = -3*p - p - 5*d + 1810, -b*p - 3*d = -1806. What is the units digit of p?
0
Suppose 0 = 34*u - 512716 - 426432. What is the thousands digit of u?
7
Suppose 3*h - 2*s = 37039, -3 = -5*s - 28. What is the units digit of h?
3
Let k = -14 - -16. Suppose -k*q = -z - 722, 1816 = q + 4*q + 3*z. Let g = -218 + q. What is the hundreds digit of g?
1
Let d = 105908 - 60928. What is the tens digit of d?
8
Let k = 127217 - 70845. What is the thousands digit of k?
6
Suppose 6*p - 3066 = 2088. Let h = -469 + p. What is the hundreds digit of h?
3
Suppose -11*w + 9*w = 6. Let x be ((-4)/(8/w))/(21/28). Let f(n) = 5*n**3 - 4*n + 5. What is the tens digit of f(x)?
3
Suppose -2*o + 0*x + 195 = x, 0 = -o - 4*x + 115. Let u be (-900)/(-22) + (-308)/(-3388). Let a = o + u. What is the units digit of a?
6
Suppose -26834 = -x - 2*d, -2*d - 77784 = -5*x + 56314. What is the thousands digit of x?
6
Let i = -1 - -3. Suppose i*c = 7*p - 3*p - 428, 4*p - 4*c = 424. What is the tens digit of 3/((p/328)/9)?
8
What is the units digit of 1*(-22 + 14) - (-2870)/1?
2
Let j(v) = v**2 + 11*v + 22. Let g be j(-11). Let s be -1 + g + (-3 - -7). Let t = s - 4. What is the tens digit of t?
2
Let w be (-6)/(-8)*(-48)/(-18). What is the tens digit of ((w/(-2))/((-18)/(-14886)))/(-1)?
2
Suppose -q + 3 = -5. Let l be (-2 - (0 - (-1246)/q))*-8. What is the units digit of l/6 - (-5)/(-15)?
0
Suppose -5*o = 5*i - 3513 - 2117, 0 = -3*i - 4*o + 3376. Suppose -4*a = -2*y + i + 356, -5*a - 5*y = 1855. Let b = a + 560. What is the tens digit of b?
8
Let n(k) = -7884*k**3 - 6*k**2 + 149*k + 299. What is the hundreds digit of n(-2)?
0
Let n = -132 + 130. What is the tens digit of (12/36)/(n/(-532))*12?
6
Suppose 897271 = 35*h - 876473 + 541569. What is the ten thousands digit of h?
3
Suppose 0 = 2*q - 25 + 17, 5*v = 5*q + 180530. What is the thousands digit of v?
6
Let d(w) = 1674*w**2 + 98*w - 198. What is the tens digit of d(2)?
9
Let p = -188 + 1754. Suppose 5*g = -326 + p. What is the tens digit of g?
4
Let s = 23847 + -4901. What is the thousands digit of s?
8
What is the ten thousands digit of 673990/(-15)*-1 - -2*8/48?
4
Suppose -5*n = 2*h + 89, h - 41 = n + n. Let i = -19 - n. Suppose -7*r + 744 - 114 = i. What is the units digit of r?
0
Let v(g) = g**3 + 13*g**2 + g + 9. Let c be v(-13). What is the tens digit of 299 + c + (6 - 0)?
0
Suppose -30*c - 198 = -39*c. What is the units digit of (c/5)/(28/(-35))*-72?
6
Suppose 22*h - 33346 = 71748. What is the units digit of h?
7
What is the tens digit of (-48592)/(-22) - (-12)/44?
0
Let m(n) = 3*n**2 - 21*n + 5. Let q be m(7). Suppose -q*u + 4*r + 3365 = 0, 5*u - 51*r = -49*r + 3355. What is the hundreds digit of u?
6
Let n(m) = 16*m**2 - 11*m + 28. Let o be n(10). Suppose o + 2694 = 12*b. What is the hundreds digit of b?
3
Let w = -173 + 176. Suppose 2*t + 2*u = 862, -1283 = -w*t - 15*u + 14*u. What is the tens digit of t?
2
Let q(f) = 6*f + 84. Let s be q(-15). What is the units digit of (s - 1428)*(-2)/4?
7
Let h(z) = 1294*z**2 - 2*z + 3. Let y be h(1). Suppose 29*r + y - 4456 = 0. What is the tens digit of r?
0
What is the units digit of ((-3)/30)/(2/(-304820))?
1
Let m(a) = 374*a**2 + 44*a + 6. Let i be m(5). Suppose i = -19*z + 28*z. What is the units digit of z?
4
Suppose -846*w + 427*w + 439*w = 390820. What is the ten thousands digit of w?
1
Let n = 26038 + -613. What is the tens digit of n?
2
Suppose -4*x + 70509 = -10*r + 15*r, -17627 = -x - r. What is the units digit of x?
6
Let q = 31 - 42. Let t be 4/(-1) - (q - -4). Let o = t - -75. What is the units digit of o?
8
Suppose -k - 21019 = -4*z, 328*k - 327*k = -z + 5261. What is the units digit of z?
6
Suppose -4*q + 24 = -j - 2*q, 5*j + 4*q + 162 = 0. What is the hundreds digit of -6*(1735/j + 1)?
3
Let f = -67507 - -107512. What is the units digit of f?
5
Let h = 4206 - -12205. What is the hundreds digit of h?
4
Let q(i) = i**2 - 4*i - 7. Let z be q(5). Let g be (-6)/(-9) - z/(-3). Suppose m - 41 - 74 = g. What is the hundreds digit of m?
1
Let a = -89 + 89. Suppose -5*i - 25 = a, 6*k + 4*i = 2*k - 8. Suppose -197 = -2*s + k*q, -2*s - 4*q = -169 - 21. What is the tens digit of s?
9
Let u be (8/(-6))/((312/(-36))/(-13)). What is the units digit of u/14 + (-17475)/(-21)?
2
Suppose -43 = 9*x - 7. Let n be 88 - (0 + x)*(-2)/4. Let k = n + -46. What is the tens digit of k?
4
Let f(r) = 20*r + 375. Let t(d) = -10*d - 189. Let l(c) = -2*f(c) - 5*t(c). Wha